{"id":12,"date":"2021-06-27T09:19:18","date_gmt":"2021-06-27T12:19:18","guid":{"rendered":"https:\/\/semtitulo.com.br\/?page_id=12"},"modified":"2021-07-01T13:44:23","modified_gmt":"2021-07-01T16:44:23","slug":"home","status":"publish","type":"page","link":"https:\/\/semtitulo.com.br\/","title":{"rendered":"sem t\u00edtulo"},"content":{"rendered":"\t\t<div data-elementor-type=\"wp-page\" data-elementor-id=\"12\" class=\"elementor elementor-12\">\n\t\t\t\t\t\t<section class=\"elementor-section elementor-top-section elementor-element elementor-element-581ccd9 elementor-section-boxed elementor-section-height-default elementor-section-height-default\" data-id=\"581ccd9\" data-element_type=\"section\" data-e-type=\"section\">\n\t\t\t\t\t\t<div class=\"elementor-container elementor-column-gap-default\">\n\t\t\t\t\t<div class=\"elementor-column elementor-col-16 elementor-top-column elementor-element elementor-element-550de18\" data-id=\"550de18\" data-element_type=\"column\" data-e-type=\"column\">\n\t\t\t<div class=\"elementor-widget-wrap\">\n\t\t\t\t\t\t\t<\/div>\n\t\t<\/div>\n\t\t\t\t<div class=\"elementor-column elementor-col-66 elementor-top-column elementor-element elementor-element-39487a6\" data-id=\"39487a6\" data-element_type=\"column\" data-e-type=\"column\">\n\t\t\t<div class=\"elementor-widget-wrap elementor-element-populated\">\n\t\t\t\t\t\t<div class=\"elementor-element elementor-element-2e0b595 elementor-widget elementor-widget-spacer\" data-id=\"2e0b595\" data-element_type=\"widget\" data-e-type=\"widget\" data-widget_type=\"spacer.default\">\n\t\t\t\t<div class=\"elementor-widget-container\">\n\t\t\t\t\t\t\t<div class=\"elementor-spacer\">\n\t\t\t<div class=\"elementor-spacer-inner\"><\/div>\n\t\t<\/div>\n\t\t\t\t\t\t<\/div>\n\t\t\t\t<\/div>\n\t\t\t\t\t<\/div>\n\t\t<\/div>\n\t\t\t\t<div class=\"elementor-column elementor-col-16 elementor-top-column elementor-element elementor-element-7439663\" data-id=\"7439663\" data-element_type=\"column\" data-e-type=\"column\">\n\t\t\t<div class=\"elementor-widget-wrap\">\n\t\t\t\t\t\t\t<\/div>\n\t\t<\/div>\n\t\t\t\t\t<\/div>\n\t\t<\/section>\n\t\t\t\t<section class=\"elementor-section elementor-top-section elementor-element elementor-element-1e4ad01 elementor-section-boxed elementor-section-height-default elementor-section-height-default\" data-id=\"1e4ad01\" data-element_type=\"section\" data-e-type=\"section\">\n\t\t\t\t\t\t<div class=\"elementor-container elementor-column-gap-default\">\n\t\t\t\t\t<div class=\"elementor-column elementor-col-100 elementor-top-column elementor-element elementor-element-8d7dc58\" data-id=\"8d7dc58\" data-element_type=\"column\" data-e-type=\"column\">\n\t\t\t<div class=\"elementor-widget-wrap elementor-element-populated\">\n\t\t\t\t\t\t<div class=\"elementor-element elementor-element-9567e20 elementor-drop-cap-yes elementor-drop-cap-view-default elementor-widget elementor-widget-text-editor\" data-id=\"9567e20\" data-element_type=\"widget\" data-e-type=\"widget\" data-settings=\"{&quot;drop_cap&quot;:&quot;yes&quot;}\" data-widget_type=\"text-editor.default\">\n\t\t\t\t<div class=\"elementor-widget-container\">\n\t\t\t\t\t\t\t\t\t<p>As oposi\u00e7\u00f5es agradam os sacerdotes ao inibirem a imprevisibilidade e complexidade de encadeamentos conceituais. Para o sacerdote, as dicotomias e as cren\u00e7as s\u00e3o instrumentais \u00e0s alian\u00e7as pelas quais ele mant\u00e9m sua posi\u00e7\u00e3o e assegura a estabilidade ou continuidade da agrega\u00e7\u00e3o. Sem a redu\u00e7\u00e3o do dissenso ao outro lado, ao lado que \u00e9 contr\u00e1rio, n\u00e3o h\u00e1 consenso e, portanto, n\u00e3o h\u00e1 lado algum, n\u00e3o h\u00e1 coes\u00e3o.<\/p><p>A an\u00e1lise do funcionamento das pr\u00e1ticas sociais precisa evitar os mesmos procedimentos do objeto estudado, para que possa ter relev\u00e2ncia para os interlocutores a quem se destina. Busca, assim, introduzir um suplemento de autonomia estranho \u00e0s alian\u00e7as comuns, necess\u00e1rio para viabilizar a forma\u00e7\u00e3o de enunciados distintos em rela\u00e7\u00e3o \u00e0queles j\u00e1 consentidos. Estes pensamentos dissonantes seriam valorizados na medida em que proporcionam certa vantagem pr\u00e1tica, ou desempenho suplementar, na interven\u00e7\u00e3o sobre o referente. O modelo das oposi\u00e7\u00f5es, ou ainda, da reprodu\u00e7\u00e3o, inerente ao sacerd\u00f3cio, \u00e9 pr\u00f3prio ao campo social em geral, no qual tamb\u00e9m o pesquisador est\u00e1 inserido. Mas a an\u00e1lise desse modelo \u2014 que visa, paradoxalmente, potencializar a produ\u00e7\u00e3o social \u2014 exige o ambiente ou habitat de exce\u00e7\u00e3o \u2014 campo aut\u00f4nomo \u2014 capaz de produzir uma compensa\u00e7\u00e3o distinta da pr\u00e1tica greg\u00e1ria.<\/p><p>A descri\u00e7\u00e3o acima estaria incorreta. O modelo sacerdotal est\u00e1 no interior do ambiente da pesquisa e das institui\u00e7\u00f5es. Por outro lado, as descodifica\u00e7\u00f5es ocorrem em toda parte e imp\u00f5em aos campos aut\u00f4nomos reconfigura\u00e7\u00f5es for\u00e7adas. Cada elemento do corpo coletivo se desprende e flutua no interior da massa que constituem. Eles se re\u00fanem aos milhares em torno da festa capitalista, do desejo carnal, dos encontros sexuais. N\u00e3o precisam de pretexto que dissimule a vontade de poder e prazer. O som eletr\u00f4nico house n\u00e3o faz sentido. Apenas funciona para motivar o movimento. Esporadicamente emite o \u00fanico refr\u00e3o simples \u201cput your fucking hands up&#8230;\u201d. O sacerdote nunca foi t\u00e3o in\u00fatil. Ele reconhece a amea\u00e7a e n\u00e3o apenas constr\u00f3i com seu poder estatut\u00e1rio as oposi\u00e7\u00f5es, mas tamb\u00e9m a si mesmo como o seu contr\u00e1rio. Enquanto nega\u00e7\u00e3o, \u00e9 sempre definido pela afirma\u00e7\u00e3o que recusa. Ele \u00e9 o negativo de uma revolu\u00e7\u00e3o.<\/p><p>Tamb\u00e9m esta posi\u00e7\u00e3o, tanto quanto a outra, n\u00e3o seria verdadeira. De todo modo, delas apenas se espera uma funcionalidade. A utilidade da pesquisa \u00e9 proporcional \u00e0 gravidade de sua trai\u00e7\u00e3o e da dissolu\u00e7\u00e3o que dela decorre.<\/p>\t\t\t\t\t\t\t\t<\/div>\n\t\t\t\t<\/div>\n\t\t\t\t\t<\/div>\n\t\t<\/div>\n\t\t\t\t\t<\/div>\n\t\t<\/section>\n\t\t\t\t<section class=\"elementor-section elementor-top-section elementor-element elementor-element-74a0282 elementor-section-boxed elementor-section-height-default elementor-section-height-default\" data-id=\"74a0282\" data-element_type=\"section\" data-e-type=\"section\">\n\t\t\t\t\t\t<div class=\"elementor-container elementor-column-gap-default\">\n\t\t\t\t\t<div class=\"elementor-column elementor-col-100 elementor-top-column elementor-element elementor-element-8ffb851\" data-id=\"8ffb851\" data-element_type=\"column\" data-e-type=\"column\">\n\t\t\t<div class=\"elementor-widget-wrap elementor-element-populated\">\n\t\t\t\t\t\t<div class=\"elementor-element elementor-element-8b4d826 elementor-widget elementor-widget-spacer\" data-id=\"8b4d826\" data-element_type=\"widget\" data-e-type=\"widget\" data-widget_type=\"spacer.default\">\n\t\t\t\t<div class=\"elementor-widget-container\">\n\t\t\t\t\t\t\t<div class=\"elementor-spacer\">\n\t\t\t<div class=\"elementor-spacer-inner\"><\/div>\n\t\t<\/div>\n\t\t\t\t\t\t<\/div>\n\t\t\t\t<\/div>\n\t\t\t\t<div class=\"elementor-element elementor-element-289666d elementor-widget-divider--separator-type-pattern elementor-widget-divider--bg-round elementor-widget-divider--view-line elementor-widget elementor-widget-divider\" data-id=\"289666d\" data-element_type=\"widget\" data-e-type=\"widget\" data-widget_type=\"divider.default\">\n\t\t\t\t<div class=\"elementor-widget-container\">\n\t\t\t\t\t\t\t<div class=\"elementor-divider\" style=\"--divider-pattern-url: url(&quot;data:image\/svg+xml,%3Csvg xmlns=&#039;http:\/\/www.w3.org\/2000\/svg&#039; preserveAspectRatio=&#039;none&#039; overflow=&#039;visible&#039; height=&#039;100%&#039; viewBox=&#039;0 0 60 30&#039; fill=&#039;black&#039; stroke=&#039;none&#039;%3E%3Crect x=&#039;15&#039; y=&#039;0&#039; width=&#039;30&#039; height=&#039;30&#039;\/%3E%3C\/svg%3E&quot;);\">\n\t\t\t<span class=\"elementor-divider-separator\">\n\t\t\t\t\t\t<\/span>\n\t\t<\/div>\n\t\t\t\t\t\t<\/div>\n\t\t\t\t<\/div>\n\t\t\t\t<div class=\"elementor-element elementor-element-e42dea3 elementor-widget elementor-widget-spacer\" data-id=\"e42dea3\" data-element_type=\"widget\" data-e-type=\"widget\" data-widget_type=\"spacer.default\">\n\t\t\t\t<div class=\"elementor-widget-container\">\n\t\t\t\t\t\t\t<div class=\"elementor-spacer\">\n\t\t\t<div class=\"elementor-spacer-inner\"><\/div>\n\t\t<\/div>\n\t\t\t\t\t\t<\/div>\n\t\t\t\t<\/div>\n\t\t\t\t\t<\/div>\n\t\t<\/div>\n\t\t\t\t\t<\/div>\n\t\t<\/section>\n\t\t\t\t<\/div>\n\t\t","protected":false},"excerpt":{"rendered":"<p>As oposi\u00e7\u00f5es agradam os sacerdotes ao inibirem a imprevisibilidade e complexidade de encadeamentos conceituais. Para o sacerdote, as dicotomias e [&hellip;]<\/p>\n","protected":false},"author":1,"featured_media":0,"parent":0,"menu_order":0,"comment_status":"closed","ping_status":"closed","template":"","meta":{"footnotes":""},"class_list":["post-12","page","type-page","status-publish","hentry"],"_links":{"self":[{"href":"https:\/\/semtitulo.com.br\/index.php\/wp-json\/wp\/v2\/pages\/12","targetHints":{"allow":["GET"]}}],"collection":[{"href":"https:\/\/semtitulo.com.br\/index.php\/wp-json\/wp\/v2\/pages"}],"about":[{"href":"https:\/\/semtitulo.com.br\/index.php\/wp-json\/wp\/v2\/types\/page"}],"author":[{"embeddable":true,"href":"https:\/\/semtitulo.com.br\/index.php\/wp-json\/wp\/v2\/users\/1"}],"replies":[{"embeddable":true,"href":"https:\/\/semtitulo.com.br\/index.php\/wp-json\/wp\/v2\/comments?post=12"}],"version-history":[{"count":272,"href":"https:\/\/semtitulo.com.br\/index.php\/wp-json\/wp\/v2\/pages\/12\/revisions"}],"predecessor-version":[{"id":424,"href":"https:\/\/semtitulo.com.br\/index.php\/wp-json\/wp\/v2\/pages\/12\/revisions\/424"}],"wp:attachment":[{"href":"https:\/\/semtitulo.com.br\/index.php\/wp-json\/wp\/v2\/media?parent=12"}],"curies":[{"name":"wp","href":"https:\/\/api.w.org\/{rel}","templated":true}]}}