{"id":284,"date":"2021-06-30T17:41:44","date_gmt":"2021-06-30T20:41:44","guid":{"rendered":"https:\/\/semtitulo.com.br\/?page_id=284"},"modified":"2021-06-30T18:19:17","modified_gmt":"2021-06-30T21:19:17","slug":"sem-titulo-iii","status":"publish","type":"page","link":"https:\/\/semtitulo.com.br\/index.php\/sem-titulo-iii\/","title":{"rendered":"sem t\u00edtulo III"},"content":{"rendered":"\t\t<div data-elementor-type=\"wp-page\" data-elementor-id=\"284\" class=\"elementor elementor-284\">\n\t\t\t\t\t\t<section class=\"elementor-section elementor-top-section elementor-element elementor-element-22fc858 elementor-section-boxed elementor-section-height-default elementor-section-height-default\" data-id=\"22fc858\" data-element_type=\"section\" data-e-type=\"section\">\n\t\t\t\t\t\t<div class=\"elementor-container elementor-column-gap-default\">\n\t\t\t\t\t<div class=\"elementor-column elementor-col-100 elementor-top-column elementor-element elementor-element-573a542\" data-id=\"573a542\" data-element_type=\"column\" data-e-type=\"column\">\n\t\t\t<div class=\"elementor-widget-wrap elementor-element-populated\">\n\t\t\t\t\t\t<div class=\"elementor-element elementor-element-f816e91 elementor-drop-cap-yes elementor-drop-cap-view-default elementor-widget elementor-widget-text-editor\" data-id=\"f816e91\" data-element_type=\"widget\" data-e-type=\"widget\" data-settings=\"{&quot;drop_cap&quot;:&quot;yes&quot;}\" data-widget_type=\"text-editor.default\">\n\t\t\t\t<div class=\"elementor-widget-container\">\n\t\t\t\t\t\t\t\t\t<p>A apresenta\u00e7\u00e3o de Juan demonstrou uma produ\u00e7\u00e3o pr\u00e9via e cuidadosa para o material visual projetado, o planejamento adequado da comunica\u00e7\u00e3o e habilidade de execu\u00e7\u00e3o, entona\u00e7\u00e3o de voz clara, dura\u00e7\u00e3o dentro do tempo estipulado pelo encontro. Trajava roupas formais, barba e cabelos bem aparados. Em seu vocabul\u00e1rio, palavras relacionadas a dinheiro, investimento, inova\u00e7\u00e3o ou moderniza\u00e7\u00e3o foram usadas. No conte\u00fado, procurou expor as vantagens objetivas que seriam obtidas com sua proposta em um contexto econ\u00f4mico amplo. A posi\u00e7\u00e3o de Juan parecia explicitamente \u201cinteressada\u201d e direcionada para um parceiro tamb\u00e9m pessoalmente interessado. Juan poderia facilmente ser comparado a um executivo do setor privado apresentando um produto a investidores ou clientes. Rosa\u00a0 e Maria utilizaram proje\u00e7\u00f5es elaboradas com menos recursos t\u00e9cnicos. Extrapolaram o tempo e precisaram acelerar a exposi\u00e7\u00e3o nos minutos finais, provavelmente omitindo algumas partes. Suas falas pareciam guiadas por t\u00f3picos abertos, embora previamente definidos, que resultavam na exposi\u00e7\u00e3o informal do conte\u00fado. Com descri\u00e7\u00f5es prolixas, enfatizavam qualidades intelectuais ou os atributos humanit\u00e1rios das propostas. Trataram de ressaltar as a\u00e7\u00f5es sociais realizadas por suas institui\u00e7\u00f5es, ou os problemas com os quais trabalhavam, e n\u00e3o faziam refer\u00eancia a resultados concretos pretendidos ou \u00e0 efic\u00e1cia do projeto. Sem mencionar a rela\u00e7\u00e3o entre os recursos financeiros e os trabalhos sociais, as institui\u00e7\u00f5es foram retratadas como \u00f3rg\u00e3os beneficentes e isentos de interesses pessoais.<\/p><p>Entre as considera\u00e7\u00f5es que poderiam ser sugeridas a partir destas compara\u00e7\u00f5es, a mais tentadora talvez seja relacionar as diferen\u00e7as ao campo de trabalho dos expositores: Rosa e Maria atuam em projetos educativos; Juan realiza empreendimentos culturais variados. Enquanto portadores destes procedimentos diferenciados, a an\u00e1lise de seus casos particulares poderia revelar algo sobre as t\u00e9cnicas assimiladas. Por exemplo, a prepara\u00e7\u00e3o antecipada e a objetividade da apresenta\u00e7\u00e3o de Juan indicam seu empenho especial em obter a aprova\u00e7\u00e3o do referente em quest\u00e3o \u2013 neste caso, a constru\u00e7\u00e3o de um centro cultural. Isto sup\u00f5e que projeta o destinat\u00e1rio \u2013 os ouvintes presentes no col\u00f3quio \u2013 como aquele que pode conceder ou recusar seu assentimento e o pr\u00f3prio centro cultural apreendido como algo que precisa ser corretamente identificado e expresso no enunciado \u2013 ou seja, na comunica\u00e7\u00e3o. Do mesmo modo, Juan parece presumir sua compet\u00eancia basicamente condicionada ao fato de o enunciado proposto ser ou n\u00e3o considerado discut\u00edvel. Quanto a Rosa e Maria, a despreocupa\u00e7\u00e3o em rela\u00e7\u00e3o \u00e0 clareza de suas apresenta\u00e7\u00f5es insinua que, para elas, o resultado do trabalho n\u00e3o seria determinado pela an\u00e1lise cr\u00edtica, por parte dos destinat\u00e1rios. Parecem julgar os interlocutores como possuindo certa benevol\u00eancia, os quais, de antem\u00e3o, iriam conceder sua aprova\u00e7\u00e3o ao objeto tratado. A validade dos enunciados e os atributos das palestrantes estariam vinculados simplesmente ao valor intr\u00ednseco do que era relatado e a estrutura\u00e7\u00e3o da comunica\u00e7\u00e3o n\u00e3o se mostrava fundamental. Entretanto, a \u00eanfase altru\u00edsta no discurso de Rosa e Maria a respeito das institui\u00e7\u00f5es a que representam pode revelar o que motivava suas condutas. O valor implicado neste processo teria sido estabelecido previamente na condi\u00e7\u00e3o substantiva do \u201cser\u201d \u2013 produzida no sistema simb\u00f3lico de representa\u00e7\u00f5es no \u00e2mbito ideal ou das ideias \u2013, e n\u00e3o pelas possibilidades concretas para o espa\u00e7o f\u00edsico dos interlocutores.<\/p><p>A posi\u00e7\u00e3o idealista aparece geralmente ligada a uma no\u00e7\u00e3o de transcend\u00eancia do esp\u00edrito, neutralidade, ou desprendimento em rela\u00e7\u00e3o aos interesses \u201ctemporais\u201d. Talvez, mais revelador que a an\u00e1lise conceitual, seria situar as duas formas de atua\u00e7\u00e3o descritas no contexto dos campos em que s\u00e3o engendradas e empregadas. Se, por um lado, Juan aborda o interlocutor abertamente como potencial parceiro de neg\u00f3cios, em que ambos poderiam obter determinadas vantagens, ou seja, enquanto troca ou coopera\u00e7\u00e3o, por outro, a mesma perspectiva aparece de modo impl\u00edcito na atua\u00e7\u00e3o de Rosa e Maria. Afinal, a postura altru\u00edsta subentende certa disposi\u00e7\u00e3o em compartilhar. A diferen\u00e7a na forma\u00e7\u00e3o dos dois processos estaria no modelo dos capitais envolvidos: no primeiro caso, \u00e9 objetivamente identificado por meio de uma abstra\u00e7\u00e3o \u2013 a moeda; no segundo, est\u00e1 difuso na percep\u00e7\u00e3o dos interlocutores e geralmente \u00e9 internalizado no pr\u00f3prio corpo capitalizado simbolicamente \u2013 no caso espec\u00edfico, as institui\u00e7\u00f5es e as palestrantes.<\/p>\t\t\t\t\t\t\t\t<\/div>\n\t\t\t\t<\/div>\n\t\t\t\t\t<\/div>\n\t\t<\/div>\n\t\t\t\t\t<\/div>\n\t\t<\/section>\n\t\t\t\t<\/div>\n\t\t","protected":false},"excerpt":{"rendered":"<p>A apresenta\u00e7\u00e3o de Juan demonstrou uma produ\u00e7\u00e3o pr\u00e9via e cuidadosa para o material visual projetado, o planejamento adequado da comunica\u00e7\u00e3o [&hellip;]<\/p>\n","protected":false},"author":1,"featured_media":0,"parent":0,"menu_order":0,"comment_status":"closed","ping_status":"closed","template":"","meta":{"footnotes":""},"class_list":["post-284","page","type-page","status-publish","hentry"],"_links":{"self":[{"href":"https:\/\/semtitulo.com.br\/index.php\/wp-json\/wp\/v2\/pages\/284","targetHints":{"allow":["GET"]}}],"collection":[{"href":"https:\/\/semtitulo.com.br\/index.php\/wp-json\/wp\/v2\/pages"}],"about":[{"href":"https:\/\/semtitulo.com.br\/index.php\/wp-json\/wp\/v2\/types\/page"}],"author":[{"embeddable":true,"href":"https:\/\/semtitulo.com.br\/index.php\/wp-json\/wp\/v2\/users\/1"}],"replies":[{"embeddable":true,"href":"https:\/\/semtitulo.com.br\/index.php\/wp-json\/wp\/v2\/comments?post=284"}],"version-history":[{"count":38,"href":"https:\/\/semtitulo.com.br\/index.php\/wp-json\/wp\/v2\/pages\/284\/revisions"}],"predecessor-version":[{"id":324,"href":"https:\/\/semtitulo.com.br\/index.php\/wp-json\/wp\/v2\/pages\/284\/revisions\/324"}],"wp:attachment":[{"href":"https:\/\/semtitulo.com.br\/index.php\/wp-json\/wp\/v2\/media?parent=284"}],"curies":[{"name":"wp","href":"https:\/\/api.w.org\/{rel}","templated":true}]}}